 of 2100?
True
Does 9 divide 9324?
True
Is 23 a factor of 512?
False
Does 21 divide 12212?
False
Is 198 a factor of 39402?
True
Is 100 a multiple of 4?
True
Is 70568 a multiple of 23?
False
Is 39252 a multiple of 202?
False
Does 8 divide 528?
True
Does 21 divide 12579?
True
Does 14 divide 4074?
True
Is 658 a multiple of 47?
True
Is 6052 a multiple of 17?
True
Does 31 divide 7967?
True
Is 14114 a multiple of 10?
False
Does 20 divide 67780?
True
Does 13 divide 377?
True
Is 3 a factor of 843?
True
Does 19 divide 285?
True
Is 2785 a multiple of 15?
False
Does 150 divide 705?
False
Does 42 divide 1824?
False
Is 139 a factor of 742?
False
Is 22299 a multiple of 15?
False
Does 9 divide 2239?
False
Does 64 divide 64?
True
Does 8 divide 128?
True
Is 21 a factor of 115408?
False
Does 9 divide 69?
False
Is 26848 a multiple of 46?
False
Does 24 divide 44176?
False
Is 385 a multiple of 6?
False
Is 16350 a multiple of 50?
True
Does 40 divide 280?
True
Does 59 divide 105079?
True
Is 3120 a multiple of 12?
True
Does 28 divide 67462?
False
Does 37 divide 16909?
True
Is 180 a multiple of 20?
True
Is 23 a factor of 42142?
False
Is 23 a factor of 1794?
True
Does 50 divide 950?
True
Does 25 divide 375?
True
Is 237 a factor of 50718?
True
Is 343 a multiple of 19?
False
Is 315 a multiple of 63?
True
Is 73 a factor of 7275?
False
Is 11 a factor of 178?
False
Does 43 divide 523?
False
Is 9 a factor of 522?
True
Is 16 a factor of 4480?
True
Is 3960 a multiple of 15?
True
Does 9 divide 7327?
False
Is 632 a multiple of 79?
True
Does 58 divide 865?
False
Is 62 a factor of 3784?
False
Is 162 a multiple of 9?
True
Is 4420 a multiple of 26?
True
Is 32768 a multiple of 64?
True
Is 1804 a multiple of 22?
True
Does 100 divide 100?
True
Does 16 divide 73191?
False
Does 147 divide 89670?
True
Does 16 divide 2480?
True
Is 595 a multiple of 8?
False
Is 13 a factor of 7130?
False
Does 7 divide 1218?
True
Is 2223 a multiple of 13?
True
Is 3120 a multiple of 13?
True
Is 343 a multiple of 50?
False
Does 66 divide 462?
True
Is 15620 a multiple of 44?
True
Does 18 divide 13014?
True
Is 3308 a multiple of 18?
False
Is 571 a multiple of 21?
False
Does 16 divide 128?
True
Does 16 divide 3744?
True
Is 1520 a multiple of 20?
True
Is 32 a factor of 5991?
False
Does 108 divide 47952?
True
Is 19879 a multiple of 24?
False
Does 2 divide 248?
True
Does 157 divide 11359?
False
Is 8888 a multiple of 4?
True
Is 17408 a multiple of 8?
True
Is 59685 a multiple of 69?
True
Is 14 a factor of 630?
True
Is 1116 a multiple of 25?
False
Is 62 a factor of 1550?
True
Is 21 a factor of 1323?
True
Does 2 divide 1493?
False
Does 32 divide 2816?
True
Does 49 divide 712?
False
Is 118 a factor of 1106?
False
Is 111 a multiple of 2?
False
Is 1706 a multiple of 46?
False
Does 18 divide 19620?
True
Does 7 divide 107?
False
Does 10 divide 7408?
False
Is 21923 a multiple of 165?
False
Does 26 divide 439?
False
Does 29 divide 3039?
False
Does 9 divide 1719?
True
Is 19 a factor of 5681?
True
Is 6605 a multiple of 7?
False
Is 29364 a multiple of 12?
True
Is 4 a factor of 6072?
True
Is 3585 a multiple of 8?
False
Is 517 a multiple of 4?
False
Is 29 a factor of 734?
False
Does 35 divide 1355?
False
Is 888 a multiple of 3?
True
Does 67 divide 20636?
True
Is 124 a factor of 29380?
False
Is 5548 a multiple of 19?
True
Is 27 a multiple of 3?
True
Is 140 a factor of 12634?
False
Is 6 a factor of 5365?
False
Does 3 divide 3905?
False
Is 21 a factor of 142189?
False
Is 18676 a multiple of 116?
True
Does 26 divide 4914?
True
Is 2 a factor of 87?
False
Is 42 a factor of 4098?
False
Does 5 divide 22718?
False
Is 20930 a multiple of 115?
True
Is 2635 a multiple of 59?
False
Is 8 a factor of 1168?
True
Is 19081 a multiple of 10?
False
Does 28 divide 565?
False
Is 2 a factor of 2757?
False
Is 2324 a multiple of 90?
False
Does 19 divide 741?
True
Does 3 divide 70?
False
Is 8 a factor of 718?
False
Is 35665 a multiple of 13?
False
Does 37 divide 6000?
False
Is 1405 a multiple of 92?
False
Does 8 divide 6232?
True
Is 110 a multiple of 36?
False
Is 13962 a multiple of 78?
True
Is 35 a factor of 45916?
False
Is 8 a factor of 5808?
True
Is 5747 a multiple of 19?
False
Is 2326 a multiple of 98?
False
Does 30 divide 1062?
False
Does 3 divide 102?
True
Is 1530 a multiple of 79?
False
Is 2092 a multiple of 12?
False
Does 117 divide 11134?
False
Is 900 a multiple of 5?
True
Is 234 a factor of 27095?
False
Does 65 divide 432?
False
Is 7 a factor of 10?
False
Is 45 a factor of 897?
False
Is 11844 a multiple of 47?
True
Is 7 a factor of 961?
False
Does 166 divide 9732?
False
Is 3 a factor of 11379?
True
Is 3256 a multiple of 88?
True
Is 1512 a multiple of 28?
True
Is 2410 a multiple of 69?
False
Is 4532 a multiple of 103?
True
Is 1734 a multiple of 11?
False
Is 57 a factor of 171?
True
Is 181 a multiple of 2?
False
Is 1024 even?
True
Is 3 a factor of 1864?
False
Does 255 divide 20265?
False
Does 19 divide 1273?
True
Does 39 divide 952?
False
Is 147 a multiple of 13?
False
Is 55 a factor of 8241?
False
Is 25 a factor of 1425?
True
Does 96 divide 1316?
False
Does 23 divide 236?
False
Is 13 a factor of 1267?
False
Does 160 divide 12000?
True
Does 16 divide 3683?
False
Does 12 divide 4008?
True
Is 13 a factor of 2534?
False
Is 59 a factor of 1593?
True
Does 14 divide 1462?
False
Is 13 a factor of 1069?
False
Does 161 divide 5957?
True
Is 181 a factor of 25699?
False
Does 7 divide 932?
False
Is 38 a factor of 684?
True
Is 4 a factor of 4310?
False
Does 5 divide 2562?
False
Is 1157 a multiple of 10?
False
Is 64 a factor of 56512?
True
Is 23838 a multiple of 341?
False
Does 16 divide 1362?
False
Does 82 divide 82?
True
Does 26 divide 980?
False
Does 16 divide 1675?
False
Does 6 divide 58944?
True
Is 12278 a multiple of 14?
True
Is 72477 a multiple of 140?
False
Is 41 a factor of 820?
True
Is 9 a factor of 751?
False
Is 5724 a multiple of 108?
True
Is 38238 a multiple of 52?
False
Is 34 a factor of 136?
True
Is 21 a factor of 9534?
True
Is 13416 a multiple of 86?
True
Does 92 divide 368?
True
Is 111418 a multiple of 21?
False
Is 2349 a multiple of 81?
True
Does 18 divide 74225?
False
Is 28604 a multiple of 24?
False
Is 15 a factor of 3846?
False
Is 1458 a multiple of 30?
False
Does 133 divide 23932?
False
Is 112 a multiple of 2?
True
Is 84 a factor of 9435?
False
Is 899 a multiple of 10?
False
Is 22 a factor of 1437?
False
Is 13 a factor of 2639?
True
Is 6 a factor of 15609?
False
Does 76 divide 3173?
False
Is 32777 a multiple of 73?
True
Is 11 a factor of 1210?
True
Is 360 a multiple of 30?
True
Does 17 divide 811?
False
Is 18909 a multiple of 13?
False
Is 579 a multiple of 119?
False
Is 1766 a multiple of 6?
False
Does 50 divide 820?
False
Is 2805 a multiple of 165?
True
Does 8 divide 292?
False
Is 3094 a multiple of 182?
True
Is 2531 a multiple of 12?
False
Is 15 a factor of 20130?
True
Does 6 divide 1672?
False
Does 109 divide 218?
True
Does 44 divide 25022?
False
Is 245 a multiple of 11?
False
Does 9 divide 5109?
False
Is 10624 a multiple of 8?
True
Is 11840 a multiple of 16?
True
Is 423 a multiple of 9?
True
Is 6 a factor of 2533?
False
Is 1035 a multiple of 15?
True
Is 13 a factor of 11297?
True
Does 22 divide 11726?
True
Is 2 a factor of 104?
True
Is 213 a multiple of 20?
False
Does 157 divide 5338?
True
Is 7 a factor of 5866?
True
Is 86590 a multiple of 14?
True
Is 6585 a multiple of 15?
True
Is 15 a multiple of 3?
True
Does 15 divide 1244?
False
Does 23 divide 644?
True
Does 11 divide 11466?
False
Is 1510 a multiple of 10?
True
Does 35 divide 105?
True
Is 106 a factor of 2226?
True
Does 308 divide 33264?
True
Does 85 divide 623?
False
Does 5 divide 1215?
True
Is 357 a factor of 118524?
True
Is 34170 a multiple of 134?
True
Is 1151 a multiple of 25?
False
Does 13 divide 3347?
False
Is 20 a factor of 1300?
True
Does 143 divide 4292?
False
Does 62 divide 20522?
True
Is 37 a factor of 181697?
False
Is 22836 a multiple of 33?
True
Is 6047 a multiple of 37?
False
Does 7 divide 110?
False
Is 9636 a multiple of 6?
True
Is 1567 a multiple of 120?
False
Is 45 a factor of 1883?
False
Is 8 a factor of 32004?
False
Does 100 divide 43202?
False
Is 1422 a multiple of 5?
False
Is 16 a factor of 4825?
False
Is 75 a factor of 16051?
False
Does 7 divide 86?
False
